k - 406. Suppose -2*o + 4*q = -y, 4*q + 220 + 20 = 4*o. What are the prime factors of o?
2, 3, 5
Let m = -87 + 162. Suppose -297 + m = -3*x. Suppose 2*i - 52 = -4*v + x, -v - 3*i + 34 = 0. List the prime factors of v.
31
Let f(g) = -g**3 + 16*g**2 + 5. Let l be f(16). Suppose -63 = l*k - 273. List the prime factors of k.
2, 3, 7
Suppose 0 = 4*v + 2*m - 22, 5*m + 17 = 42. Suppose 6*i - v*i - 906 = 0. What are the prime factors of i?
2, 151
Suppose -25 = 2*n - 7*n. Suppose -a = 4*r - 446, n*r - 3*a - 279 = 287. Suppose 0 = -4*u + 8*u - r. What are the prime factors of u?
2, 7
Let z(s) = s**3 + 20*s**2 + 20*s + 19. Let y be z(-19). Suppose y = 3*c + 2*c - 10. Suppose 2*v = -v - o + 18, o = v - c. List the prime factors of v.
5
Suppose -45*j + 159984 = 21*j. What are the prime factors of j?
2, 3, 101
What are the prime factors of 1193 + -6*(-7 + 8)?
1187
Suppose 2631 = 10*w - 3929. List the prime factors of w.
2, 41
Let j = 27 - 23. Suppose -j*c - 160 = -3*z - 6*c, 4*z = -4*c + 220. Let l = 119 - z. What are the prime factors of l?
3, 23
Let f = 8 - 5. Let q(r) = 3*r + 121. Let y be q(-39). Suppose -y*n = -f*n - 27. What are the prime factors of n?
3
Let g = -11 - -11. Suppose -2*p = -5*l - 22, g*p - p = 2*l - 2. Let f = 50 - p. List the prime factors of f.
2, 11
Suppose 985 = 2*a + b + 56, -3*a + 1387 = -5*b. List the prime factors of a.
2, 29
Let b(x) = 2*x**2 - 14*x - 3. Let g be b(11). Let s = g + -46. What are the prime factors of s?
3, 13
Suppose 3*t - 20 = -2*t. Suppose -t*h + 3 = -1. List the prime factors of (-2)/4*(-5 - h).
3
Suppose 25*c + 646 = 42*c. List the prime factors of c.
2, 19
Let s(r) = -r**2 + 11*r + 15. Let k be s(12). Suppose 0 = 3*v - 8*v - p + 9, -3*v = k*p - 15. What are the prime factors of v - (-9)/(-3) - -9?
7
Let z = -551 - -1655. What are the prime factors of z?
2, 3, 23
Suppose 8 = -4*w, 6*w = -3*n + 8*w + 5716. List the prime factors of n.
2, 7, 17
Suppose -31 + 23 = -4*n. Suppose 4*i - 3*i = n*a + 12, -4*i - 2*a - 2 = 0. Suppose 0 = -i*b + l + 76, -l = 2*b - 32 - 36. List the prime factors of b.
2, 3
Let o = 108 - 106. Suppose -482 = -5*r + o*u, 0*r + 4*u = -4*r + 408. List the prime factors of r.
2, 7
Suppose -5*p + 8 = -7, -p - 7 = -5*w. Let y(b) = 25 - 8 + 5*b - 8*b**2 + 0*b**w + b**3 - 16. List the prime factors of y(8).
41
Suppose 21 = -4*q + 121. Suppose 0*i - q = -5*i. Suppose i*y - 4*p = 298, y + 0*y - 60 = p. List the prime factors of y.
2, 29
Let o(b) = 6*b**2 - 45*b - 10. List the prime factors of o(28).
2, 17, 101
Suppose 16*n - 14709 + 85 = 0. What are the prime factors of n?
2, 457
Let o = -260 + 551. Suppose 0 = i + 5, 3*w + i = 5*w - o. What are the prime factors of w?
11, 13
Let y = -1 + -5. Let v(s) = -s**3 - 3*s**2 + 3*s + 13. Let p be v(y). Suppose k = 5*u - 160 - p, 5*u - 4*k = 272. List the prime factors of u.
2, 13
What are the prime factors of 0 + 1 - (2 - 340)?
3, 113
Let q(w) = w**3 - 13*w**2 + w - 11. Let u be q(13). Suppose m + u*b = -0*m + 61, -3*b + 15 = 0. What are the prime factors of m?
3, 17
Suppose 0 = -113*w + 104*w + 1269. Suppose -5*t + 59 = d - 35, -4*d + 5*t + 401 = 0. Let s = w - d. What are the prime factors of s?
2, 3, 7
Suppose 0 = z + 1, 14*b + 3248 = 15*b - 2*z. What are the prime factors of b?
2, 3, 541
Let t be 6/3*(-3)/(-6). Let d = t - -5. Suppose -3*k - 3*v + 30 = 0, -d = -2*k + 3*v + 34. List the prime factors of k.
2, 7
Suppose -4*c = f - 1, f + 0*f = -3*c. Let m be -2*(-17 + 3)*c. Let r = 46 - m. What are the prime factors of r?
2, 3
Suppose o + 28 = 4*h, -5*h + 35 = 3*o - o. What are the prime factors of 8/28 + 0 - (-922)/h?
2, 3, 11
Suppose -5*a - 6 = -3*j, -3*a = -8*a. Let z(c) = c**3 + 5*c - 3. Let m(n) = 2*n**3 - n**2 + 6*n - 2. Let p(y) = j*m(y) - 3*z(y). List the prime factors of p(5).
5, 13
Let l(a) = -3*a. Let w be l(0). Suppose 5*s + 4*c - 241 = w, -4*s - 2*c = -2*s - 96. What are the prime factors of s?
7
Let a be 17 + -13 + 5 + -1. Let f be (-4)/a - (-50)/4. Let q = 16 - f. List the prime factors of q.
2
Suppose 16*d - 12*d = 8. Suppose 2*f = 4*i - 64, 2*i - d*f - 3 - 29 = 0. List the prime factors of i.
2
Let i(n) = n**3 - 10*n**2 - 25*n + 107. What are the prime factors of i(15)?
857
Let a(r) = r - 15. Let p be a(-10). Let z = p - -43. List the prime factors of z.
2, 3
Let h(g) = 9*g**2 + g - 6. Let o be 1/((-4)/(-24)) - 2. Let b(p) = -p + 6. Let v be b(o). What are the prime factors of h(v)?
2
Suppose -28225 = -17*z + 6829. List the prime factors of z.
2, 1031
Suppose 0 = 224*t - 222*t - 844. What are the prime factors of t?
2, 211
Suppose 1549 = 3*f - 2738. List the prime factors of f.
1429
List the prime factors of 1 - (-4 + -690 - 6).
701
Let x be (350/(2/1))/((-2)/(-2)). Let m = x - 88. List the prime factors of m.
3, 29
Suppose 0 = 3*k - 6*k + 1539. List the prime factors of 4/(-14) + k/7.
73
Let s(q) = 350*q**2 + 27*q + 50. List the prime factors of s(-2).
2, 349
Suppose 0*f + f = 2*b - 749, 0 = 5*b - 2*f - 1873. Let t = 625 - b. List the prime factors of t.
2, 5
Suppose -o - 5 = -7. Suppose -3*l - o*l + 275 = -5*j, 2*l = -4*j + 140. What are the prime factors of l?
2, 3, 5
List the prime factors of (-36)/(-9) + 8/(-2) + 62.
2, 31
Let t = -242 + 1251. List the prime factors of t.
1009
Let h = 17 - -252. Suppose -x - b = 3*x - h, 197 = 3*x - 4*b. What are the prime factors of x?
67
Suppose 0 = -2*m - 3*d + 557, -3*m + 5*m - 551 = 3*d. List the prime factors of m.
277
List the prime factors of ((-1338)/(-24) + -6)*(3 - -17).
5, 199
Suppose 2*s - 18 = -s. Let v(d) = 5 - 9*d + 2*d**2 + 2 - 4. List the prime factors of v(s).
3, 7
Let t(z) = -1 - 3*z + 5*z**2 + 3*z. Suppose -5*n - 10 = -20. What are the prime factors of t(n)?
19
Suppose -106 + 34 = 3*u. Let a = u + 46. What are the prime factors of a?
2, 11
Let b be (-16)/((-5)/525*-6). Let f = b - -482. Let j = -142 + f. What are the prime factors of j?
2, 3, 5
Let m be 58*-1*(-2 - 8). Suppose m = 5*h + 170. List the prime factors of h.
2, 41
Let a(c) = -22 - 28*c - 29 - c**2 + 65. What are the prime factors of a(-22)?
2, 73
Suppose 0 = 2*s + 2*r - 236, 0*s + s - 5*r = 124. Suppose -s = -2*y + c, 165 = 4*y - c - 76. List the prime factors of y.
61
Let t = -364 + 639. What are the prime factors of t?
5, 11
Suppose -3*o = -9, 2*o + 2*o - 552 = -5*l. Suppose 0 = 3*z + 3*r - l, 3*r = -2*z - r + 66. List the prime factors of z.
3, 13
Let a(m) = 2*m**2 - 25*m - 93. What are the prime factors of a(-18)?
3, 5, 67
Suppose -33*b + 28*b = -1385. What are the prime factors of b?
277
Suppose -109 = 3*r - 5*d, -5*d = 2*r + 2*r + 87. Let a = r + 40. Suppose -a = x - 3*x. List the prime factors of x.
2, 3
Suppose -27 = -6*w - 81. Let j(m) = -m**3 - 9*m**2 - 7*m + 6. What are the prime factors of j(w)?
3, 23
Suppose -23*p - 2575 = -28*p. What are the prime factors of p?
5, 103
Suppose 20 = -5*c - 10. Let a(v) = 4*v**2 + 11*v - 14. Let k be a(c). Let d = 100 - k. What are the prime factors of d?
2, 3
Let z be -1 - (1 + 8/(-4)). Suppose -3*r = -z*r - 3. List the prime factors of 9 - (r - 0/(-4)).
2
Let p be (-1)/((-5)/1070) - (-2)/(-2). Suppose 151 = 4*y - p. What are the prime factors of y?
7, 13
Let d(p) be the third derivative of -p**6/120 - p**5/12 + p**4/12 + 2*p**3/3 - 2*p**2. Let u be d(-6). Let m = 62 - u. What are the prime factors of m?
2, 17
Suppose -376 = -f + 409. Suppose 0 = 5*t - 0*t - f. List the prime factors of t.
157
Let p be -430 - (-1 + -1 + 2). List the prime factors of (-44)/55*p/4.
2, 43
Let h(x) = -2*x**2 + 11*x + 8. Let z be h(6). What are the prime factors of (-28)/(-6)*(-1 - z)*-4?
2, 7
Suppose 0 = -4*w + 2*w - 3*p + 799, 2*p = -6. What are the prime factors of w?
2, 101
List the prime factors of (-1363)/(-2) - 7/((-42)/9).
683
Let d = 6 + -10. Let m(x) = -x**2 - 5*x - 7. Let v be m(d). What are the prime factors of ((-2)/4)/(v/216)?
2, 3
Let r(m) = -m**3 - 8*m**2 + 10*m + 12. Let j be r(-9). List the prime factors of ((-1)/(3/(-25)))/(j/9).
5
Suppose -3*b = -i + 186, 4*i - 478 - 311 = 3*b. Let z = -69 + i. List the prime factors of z.
2, 3, 11
Let g be (-2)/4 - (-77)/14. Suppose 2*b = 5*b + 3*b. Suppose -3*z = -5*s - 11, -g*s + 19 + 6 = b. List the prime factors of z.
2, 3
Let k(a) = 8*a**3 + 2*a**2 - a - 2. Suppose -6*z + 10 = -z. List the prime factors of k(z).
2, 17
Let o(x) b